 to base 15.
18d
1203022 (base 4) to base 5
200341
Convert 1587a (base 12) to base 5.
1434442
What is -53336 (base 7) in base 10?
-13208
What is -5206 (base 11) in base 4?
-1223313
Convert 30240 (base 5) to base 13.
b68
What is -22122011 (base 3) in base 4?
-1202113
-1120 (base 11) to base 3
-2000121
-323 (base 13) to base 7
-1364
Convert -15c64 (base 14) to base 5.
-3221301
-23124 (base 5) to base 4
-122000
What is -45d (base 16) in base 11?
-926
Convert -32624 (base 7) to base 2.
-10000000001001
202 (base 13) to base 6
1324
-2453 (base 6) to base 5
-4414
Convert 1032110 (base 4) to base 13.
2387
-5450 (base 13) to base 4
-2313032
38649 (base 10) to base 8
113371
What is -21a (base 11) in base 8?
-407
Convert -1111010010 (base 2) to base 12.
-696
What is -31113 (base 5) in base 7?
-5633
What is -1898 (base 15) in base 14?
-1d1c
What is 2002 (base 7) in base 3?
221111
Convert -548a (base 14) to base 9.
-22051
Convert 2000110111 (base 3) to base 14.
1067d
Convert -4422 (base 6) to base 8.
-1776
e93a (base 15) to base 2
1100000010110010
What is -1000 (base 3) in base 10?
-27
Convert 22327 (base 8) to base 10.
9431
-8a7 (base 12) to base 8
-2377
-127511 (base 8) to base 16
-af49
Convert 28b51 (base 13) to base 4.
102231033
What is -5341 (base 6) in base 7?
-3352
-110010000000100 (base 2) to base 8
-62004
Convert 2bf (base 16) to base 15.
31d
-236 (base 12) to base 4
-11022
-68 (base 13) to base 6
-222
5002 (base 9) to base 8
7077
Convert 3833 (base 14) to base 12.
5845
What is -101212 (base 3) in base 7?
-566
Convert -311131 (base 5) to base 7.
-41432
4132 (base 6) to base 8
1630
-1402023 (base 5) to base 14
-a4ba
Convert 804 (base 14) to base 11.
11aa
705 (base 9) to base 14
2cc
4c5 (base 15) to base 11
8a7
Convert 1f8 (base 16) to base 9.
620
Convert 337 (base 10) to base 14.
1a1
What is -102232 (base 4) in base 6?
-5314
10122210 (base 3) to base 15
bcc
What is -379 (base 12) in base 9?
-643
What is -936 (base 13) in base 16?
-61e
What is 70f (base 16) in base 3?
2110221
Convert 172 (base 9) to base 14.
a6
-5158 (base 9) to base 3
-12011222
Convert -1c67 (base 13) to base 11.
-3269
What is 546 (base 7) in base 9?
340
What is -4411 (base 7) in base 10?
-1576
Convert -1310233 (base 4) to base 12.
-43a7
-2632 (base 10) to base 2
-101001001000
Convert d12c (base 14) to base 3.
1211020221
Convert -4200 (base 10) to base 6.
-31240
What is -2af8 (base 16) in base 12?
-6448
What is 122212 (base 3) in base 2?
111100010
Convert -10420 (base 5) to base 4.
-23133
-c8f9 (base 16) to base 9
-77515
What is 132 (base 11) in base 15?
a6
Convert 46 (base 9) to base 3.
1120
Convert 2512 (base 6) to base 12.
438
Convert -1821a (base 12) to base 2.
-1000100000110110
Convert 10224 (base 6) to base 9.
1807
-603 (base 7) to base 2
-100101001
Convert -1020 (base 14) to base 10.
-2772
Convert 6159 (base 10) to base 4.
1200033
What is 1011001101110011 (base 2) in base 13?
17baa
1132010 (base 5) to base 15
62c0
Convert 47443 (base 8) to base 6.
233443
Convert -6542 (base 8) to base 16.
-d62
-52a (base 11) to base 10
-637
What is a05 (base 14) in base 15?
8b0
21e (base 16) to base 11
453
-5827 (base 13) to base 14
-4718
What is 1527 (base 10) in base 13?
906
4070 (base 11) to base 10
5401
15777 (base 12) to base 14
b16b
Convert -1554 (base 9) to base 10.
-1183
Convert -3860 (base 12) to base 9.
-8710
Convert -a462 (base 13) to base 2.
-101100011000110
11011101001011 (base 2) to base 7
56161
Convert -5b6d (base 14) to base 15.
-4aed
Convert 10023003 (base 4) to base 12.
9a83
Convert -27152 (base 8) to base 11.
-8a22
Convert -5d49 (base 15) to base 12.
-b5b9
What is 11000111001001 (base 2) in base 5?
401440
-2266 (base 7) to base 13
-4c0
What is 20122122 (base 3) in base 16?
12f2
What is -12721 (base 8) in base 2?
-1010111010001
3452 (base 8) to base 4
130222
Convert d92 (base 15) to base 13.
1517
-985 (base 15) to base 11
-1685
What is 1205422 (base 6) in base 16?
f7d6
Convert b6b (base 13) to base 7.
5452
Convert -4624 (base 8) to base 7.
-10102
What is 1c2d (base 15) in base 9?
8347
What is 10004 (base 6) in base 10?
1300
Convert 1801 (base 9) to base 4.
111202
Convert -75 (base 13) to base 15.
-66
Convert -cb0 (base 13) to base 6.
-14015
Convert 17f (base 16) to base 11.
319
-45266 (base 7) to base 2
-10110011001001
11032222 (base 4) to base 16
53aa
10a6c (base 15) to base 13
1b162
Convert 1323 (base 5) to base 8.
325
-4056 (base 7) to base 16
-585
Convert -10150 (base 10) to base 8.
-23646
Convert -111222201 (base 3) to base 9.
-14881
-1156 (base 10) to base 4
-102010
What is -2011222 (base 3) in base 7?
-4433
Convert -2200331 (base 4) to base 7.
-42014
What is 11111101100010 (base 2) in base 14?
5cb0
1453 (base 10) to base 6
10421
-5ca (base 13) to base 12
-703
-7370 (base 9) to base 12
-3169
Convert -35c (base 16) to base 2.
-1101011100
13112 (base 4) to base 15
215
Convert -301344 (base 7) to base 16.
-c6ff
-5bb (base 14) to base 2
-10001111001
1284a (base 13) to base 9
52127
What is -8404 (base 12) in base 3?
-201202111
What is 1021121022 (base 3) in base 2?
110001010001010
What is -154b (base 14) in base 2?
-111011001111
What is 3233331 (base 4) in base 13?
6cb4
-10011101110101 (base 2) to base 14
-3977
Convert 100000100 (base 2) to base 16.
104
Convert 13030 (base 4) to base 16.
1cc
What is 101000001101011 (base 2) in base 15?
6177
Convert ba1 (base 15) to base 12.
162a
-1001101101000 (base 2) to base 13
-2352
Convert -3101202 (base 4) to base 16.
-3462
Convert bea (base 15) to base 8.
5207
What is 220 (base 7) in base 3?
11011
What is 221 (base 14) in base 10?
421
What is 15572 (base 10) in base 6?
200032
Convert 1112003 (base 4) to base 8.
12603
Convert 6422 (base 9) to base 16.
126e
What is -2021012 (base 3) in base 9?
-2235
14102 (base 6) to base 9
3012
Convert -112002112 (base 3) to base 16.
-2822
-62628 (base 11) to base 7
-530035
10010312 (base 4) to base 9
24808
What is -3712 (base 14) in base 16?
-2594
What is 6342 (base 14) in base 6?
211114
Convert -7310 (base 9) to base 7.
-21420
-1223 (base 4) to base 9
-128
What is 13418 (base 11) in base 15?
5a0c
What is 1000101001101010 (base 2) in base 7?
205210
What is 100111 (base 4) in base 7?
3022
-22203 (base 4) to base 5
-10200
What is 111110 (base 3) in base 14?
1bd
Convert 1743 (base 16) to base 9.
8146
Convert -1043 (base 9) to base 2.
-1100000000
-141400 (base 5) to base 4
-1123122
-3201331 (base 4) to base 8
-34175
5594 (base 10) to base 12
32a2
Convert -1101110110101 (base 2) to base 8.
-15665
4094 (base 10) to base 4
333332
Convert 127a (base 15) to base 12.
2344
Convert 2217 (base 8) to base 14.
5d5
Convert -1853 (base 12) to base 16.
-b7f
What is -30d (base 14) in base 9?
-737
-1d63 (base 15) to base 7
-24432
What is -101000100000010 (base 2) in base 3?
-1001110002
Convert ac (base 14) to base 12.
108
Convert -6c10 (base 14) to base 4.
-10212032
Convert -37a6 (base 16) to base 5.
-423441
-28d (base 15) to base 13
-35b
Convert -7720 (base 10) to base 16.
-1e28
22330 (base 8) to base 14
361a
Convert 3975 (base 13) to base 3.
102021000
Convert 22100110 (base 3) to base 12.
3633
1830 (base 10) to base 8
3446
What is -1124 (base 6) in base 11?
-224
Convert 34021 (base 5) to base 15.
a91
What is 213 (base 10) in base 9?
256
5bc (base 13) to base 6
4344
What is 639 (base 10) in base 8?
1177
-789 (base 15) to base 5
-23304
-401 (base 7) to base 16
-c5
Convert -210 (base 13) to base 10.
-351
-22532 (base 8) to base 10
-9562
Convert a20 (base 11) to base 8.
2320
What is 455 (base 7) in base 8?
354
316621 (base 7) to base 8
153625
Convert 1443 (base 15) to base 3.
12221200
What is 293 (base 14) in base 2?
1000001001
What is -60102 (base 7) in base 8?
-34171
What is -2021021210 (base 3) in base 14?
-123d5
What is -373 (base 10) in base 15?
-19d
What is -1100010011111011 (base 2) in base 16?
-c4fb
156 (base 13) to base 3
22220
Convert 8a (base 15) to base 2.
10000010
What is 3293 (base 11) in base 7?
15434
Convert 341 (base 7) to base 11.
150
Convert -3679 (base 12) to base 9.
-8373
Convert 115 (base 10) to base 5.
430
What is 975 (base 15) in base 10?
2135
Convert 4a7b (base 13) to base 16.
2954
478b (base 14) to base 10
12471
-5111 (base 6) to base 9
-1477
What is 96 (base 10) in base 11?
88
Convert 13431